(q) = -q - 7. Give h(u).
-1
Let f(w) be the third derivative of 1/6*w**3 - 1/60*w**5 + 18*w**2 + 0 - 1/12*w**4 + 1/120*w**6 + 0*w. Determine f(-2).
-7
Suppose 5*o + 8 = -3*b, -4*b - o - 3*o = 16. Let i be 34/b + 18/27. Let l(x) be the second derivative of x**4/12 + 7*x**3/6 + 3*x**2/2 + x. Give l(i).
-7
Let x(h) = -1 + 8 - 8 + 4*h**2 + 2*h**2 - 6*h - h**3. Calculate x(6).
-37
Let w(b) = -3*b**3 + 4*b**2 - 2*b. Suppose -15*r = -19*r + 496. Let i = 126 - r. What is w(i)?
-12
Let j(t) be the second derivative of -t**4/6 + t**3/3 + t**2 - 32*t. Let u(g) = -g**3 + 7*g**2 - 8*g - 7. Let z(m) = -9*j(m) - 2*u(m). What is z(-3)?
-16
Let v(m) be the third derivative of -m**4/24 - 2*m**3 - 6*m**2. Let p(i) = -1. Let t(u) = -5*p(u) + v(u). Calculate t(-9).
2
Let m(h) be the second derivative of -h**4/12 - 7*h**3/6 - 3*h**2/2 + 4*h. Let d = -112 - -108. Give m(d).
9
Let i(t) = -t**2 - 2*t - 3. Let w(u) = 2*u + 10. Let h be w(-6). What is i(h)?
-3
Suppose 0*r + 17 = r - 4*g, 37 = 5*r - 4*g. Let q(b) = -r*b + 4*b**2 - 5*b**2 + 3 - 1. Determine q(-5).
2
Let b(g) = -g - 5. Let t be 21/4 + 2/(-8). Suppose 2*s - 2 = -s - 4*c, -3*c = -t*s + 13. Suppose 0 = -s*z - 4*z - 42. What is b(z)?
2
Suppose 5*q + 3*a = 35, -5*a - 4 = 3*q - 25. Let g(f) = 3*f + 3 - 1 + 0*f - q. What is g(5)?
10
Let o(h) be the third derivative of h**7/840 + h**6/180 - h**5/60 - 4*h**3/3 - 29*h**2. Let z(m) be the first derivative of o(m). Determine z(-3).
-3
Let h(l) = -3*l**2 - 11 + l**2 + 2*l - 13*l**3 + 9 + 1. Give h(1).
-14
Suppose -5*o + 0*o - 3 = -4*u, 4*o + 3*u = -21. Let w(j) be the first derivative of j**3/3 + j**2 - j - 19. Give w(o).
2
Let a(p) = -3*p - 1. Let w be (-1 + 0)/(6/18). Determine a(w).
8
Let f(d) = d**3 + 0 - 2 + 5*d**2 + 4. Let g = -67 + 79. Suppose -9*n + 12*n = -g. Determine f(n).
18
Let t(f) = -2 - f + 6 - 1 - 3*f. Let u(o) = -o**3 - 7*o**2 + 8*o + 4. Let z be u(-8). What is t(z)?
-13
Let r(c) = -9*c + 25*c - 5*c - 8*c. Suppose 2*h - 6 = 0, 6*n - 2*n + 4*h = 4. What is r(n)?
-6
Let w(g) = 5*g - 2. Let m(l) = 6*l - 5. Let f(r) = -4*m(r) + 5*w(r). Calculate f(-10).
0
Let m(g) = g + 3. Let a be (-8)/(-52) - (-4)/(-26). Give m(a).
3
Let h(u) = 225*u**3 - 3*u**2 - u + 2. Let w be h(1). Let o(k) = 444 - w + 3*k - 222. Determine o(5).
14
Let j(c) = 3*c**2 + 10*c - 1. Let y(t) = 5*t**2 + 19*t - 1. Suppose -3*o = 5*h - 2*o - 23, 3*h = o + 9. Let d(b) = h*y(b) - 7*j(b). What is d(5)?
8
Let p(l) = l**3 - 3*l**2 + l + 2. Let x be p(2). Suppose 2*t + 3*a = x, 2*t - 11 = 5*a + 21. Let h(u) = -u**3 + 7*u**2 - 9*u + 7. Determine h(t).
-11
Let z(m) = m - 1. Let f be z(1). Let d(c) = c - 10. Let l(k) = -1. Suppose -i - 5*a + 9 = 0, -3*i + 1 = 2*i + 3*a. Let t(j) = i*d(j) + 5*l(j). Give t(f).
5
Let u(z) = -z. Let o be 63/42*(-14)/3. What is u(o)?
7
Let n(w) be the third derivative of -w**8/6720 + w**7/420 + w**6/90 - w**5/60 + w**4/6 + 10*w**2. Let b(l) be the second derivative of n(l). Give b(7).
5
Let m = -15 - -20. Suppose -2 - 13 = -m*f. Let d(r) = 2*r + f*r + 0 + 2 - 6*r. What is d(4)?
-2
Let w(i) be the third derivative of -i**7/5040 - 7*i**6/720 - 13*i**5/60 + 19*i**2. Let j(s) be the third derivative of w(s). Determine j(0).
-7
Let b(m) be the second derivative of -m**4/12 + 3*m**3/2 + 13*m**2 + 13*m. Let f be b(11). Let i(k) = -k**3 + 3*k**2 + 4*k + 2. Give i(f).
2
Let v(r) = 100 + r**3 + 7*r**2 - 50 + 9*r - 4*r + 0*r**3 - 42. What is v(-6)?
14
Let b be 6/(11/(-8) - -1). Let i be 19 + b + -1 + 0. Let m(t) = -t**3 + t**2 - 2*t - 1. Calculate m(i).
-9
Suppose -x = 5*t - 8, 4*x + t - 11 - 2 = 0. Suppose -2*v = a + x, -v = 3*v + 4. Let n(q) = 3*q**2 + 4*q**2 + q**2 + q. Give n(a).
7
Let o = 1 + -1. Let a(j) be the third derivative of 1/60*j**5 + 0*j**4 + 0 - 82*j**2 + 7/6*j**3 + 0*j. Give a(o).
7
Let z(u) = -u**2 - 2*u - 12. Let c be z(0). Let x(k) = k**3 + 11*k**2 - 11*k + 6. Let n be x(c). Let i(y) = 2*y + 1. Calculate i(n).
-11
Let i(p) = -12*p**2 - 2*p + 1. Suppose -5*g - 5*u - 20 = 0, 5*u = g - 3*g - 20. Suppose g = -f - 3*f + 4. Calculate i(f).
-13
Let m(n) = n**3 - 9*n**2 - n + 7. Let k(r) = 7*r - 26. Let s = 92 - 87. Let w be k(s). What is m(w)?
-2
Let a(z) be the third derivative of -1/4*z**4 + 2*z**2 - z**3 + 0*z + 7/60*z**5 - 1/120*z**6 + 0. Suppose 0 = -i + 82 - 76. Give a(i).
-6
Let t(i) be the first derivative of -3*i**2/2 + 24*i + 166. Determine t(12).
-12
Let d(g) be the second derivative of g**5/20 - g**4/6 + g**2/2 - 104*g. Calculate d(-1).
-2
Let l = -126 - -127. Let a(s) = 10*s + 1. Give a(l).
11
Suppose -15*d + 10*d = 25. Let v(t) = -t**3 - 6*t**2 - 3*t - 4. What is v(d)?
-14
Let w(a) = a - 3. Let d = 545 + -548. What is w(d)?
-6
Let x(u) be the second derivative of u**5/20 + u**4/3 - 2*u**3/3 + 3*u**2/2 + 981*u. Give x(-6).
-45
Let t(s) = -68*s + 825. Let l be t(12). Let x(z) = -z**2 + 12*z - 20. Give x(l).
7
Let p be (-4)/10 - (-978)/(-30). Let a = -40 - p. Let x(y) = -y**2 - 9*y - 3. What is x(a)?
11
Suppose -2 + 23 = -3*g. Let u(q) = 39*q**2 + 9*q + 40*q**2 + 31*q**2 - 109*q**2 - 7. Calculate u(g).
-21
Suppose 6*x + 2 = 7*x. Let f(c) = -5*c - 8 - x*c + 9. Give f(-1).
8
Let r(l) = l - 9. Let t be -1*(15/(-3) - 0). Let u be r(t). Let f(h) = -h**2 - 2*h - 1. Calculate f(u).
-9
Let o(n) be the second derivative of n**5/20 + 5*n**4/12 - n. Let j = 1476 + -1480. What is o(j)?
16
Let y(a) = -3*a - 16 + 0*a + 0*a + 24. Give y(6).
-10
Let u(k) be the second derivative of 13*k - 9/2*k**2 - 1/6*k**4 - 3/2*k**3 + 0. What is u(-6)?
-27
Let x(g) be the second derivative of g**3/6 + 7*g**2/2 - g. Let u = 7784 + -7791. Determine x(u).
0
Let o(i) be the third derivative of -i**6/120 + 3*i**5/20 - i**4/12 + 11*i**3/6 + 42*i**2. Determine o(9).
-7
Let a(c) be the first derivative of 36 + 0*c**2 + 2*c - 4/3*c**3. Let x = 6 + -4. Give a(x).
-14
Let v(k) = -47*k**2 + 47*k**2 + 3*k**3 - 13 - 2*k**3. What is v(0)?
-13
Let s(c) be the first derivative of c**4/2 + c**3/3 - 9. Let j be s(1). Let p(z) = 2*z**3 - 5*z**2 + 2*z. What is p(j)?
15
Suppose z + 3*z = 0. Suppose 4*j = -z*j. Let b(o) = 1 - o**2 - 4*o + j*o + o. Give b(-4).
-3
Let a(q) = -q**3 + q**2 - 9. Let c = -8 + 12. Suppose 3*x + c = 5*x. Suppose 0 = x*p + 3*p. Give a(p).
-9
Let x(v) = v - 4. Let q be x(8). Suppose -5*n + q*y + 30 = -0*n, -2*y - 10 = 0. Let t(m) = 2*m**2. Calculate t(n).
8
Let r = -25 + 29. Let m(c) = 4 + 2*c + 51*c**2 - 50*c**2 - 2*c - 6*c. Give m(r).
-4
Let c be 46/(-8) + 1/(-4). Let i(x) = 5*x**3 + 6*x**2 + 7*x + 3. Let d(t) = 4*t**3 + 6*t**2 + 5*t + 2. Let u(a) = 4*d(a) - 3*i(a). Determine u(c).
5
Let h = -127 - -126. Suppose 0 = -5*z + 3*z - 3*a + 17, 5*z - 4*a = 8. Let g(p) = -1 + 7*p**3 + 2*p + 4*p**2 - 3*p**2 - z*p + p. Determine g(h).
-6
Let f(b) = 465*b - 452*b + 2*b**2 + 15 - b**2. Determine f(-10).
-15
Let s(r) = -r**2 + 2 - 8*r - 11*r**2 + 7*r. Determine s(1).
-11
Let i = 4 + 2. Let f(t) = 25*t**2 - 7*t + 3 + 0 + 8*t**2 - 32*t**2. Calculate f(i).
-3
Suppose -l - 3*l - 2*f = 2, 5 = -5*f. Suppose -5*r - 2*x + 18 = -l*r, 4 = x. Let i(y) = 3*y + r*y + 34*y**2 - 30*y**2 - 6 - y**3. Give i(5).
-6
Let d(h) = h**2 + h - 3. Suppose 5*g - 3*g = 0. Let x be (-26 - (-3 + g))*-1. Suppose -x = 4*i - 4*f + 13, -2*i + 5*f - 33 = 0. Give d(i).
9
Let r(x) = -3*x**3 - 4. Let s(w) = w**3 + 1. Let j(m) = r(m) + 4*s(m). Let d be (-60)/40*((-11)/3 - -1). Let c be ((-1 - 3) + 4)*(-2)/d. Give j(c).
0
Let j(f) = f**2 + 5*f - 15. Let a be 1/((25/(-35))/5). Calculate j(a).
-1
Suppose -5*u + 4*u - 2*s + 2 = 0, 0 = 2*u + 2*s + 6. Let l be (0*2/u)/1 + -4. Let v(k) = k**3 + 3*k**2 - 3*k - 2. What is v(l)?
-6
Let r(s) = 6*s**2 + 11*s. Let d be r(-2). Let t(y) = -4*y**2 - y - 1. Give t(d).
-19
Let b(s) = s**3 - 9*s**2 + 5. Let y(l) = 31*l - 2. Let v be y(1). Suppose 2*g - v + 11 = 0. Calculate b(g).
5
Let b(q) = -q**2 + q + 5. Let d be (-3)/(-5)*(-3 - 7). Let r(g) = 2*g**2 - g - 11. Let k be (0 - -3) + -2 + -14. Let j(w) = d*r(w) + k*b(w). Give j(6).
-5
Let l(o) = -5*o. Let r be (1/(-2))/(9/288). Let c(v) = 24*v. Let f(n) = r*l(n) - 3*c(n). What is f(1)?
8
Let b(g) = -5*g - 3*g**3 + 4*g**3 + 38 + 3*g**2 + 31 + 34 - 107. Suppose 5*r = 3*r - 8. What is b(r)?
0
Let h be (4/(-22) - 0) + 2100/(-550). Let p(v) = 2*v**2 + 5*v + 10. Calculate p(h).
22
Let j(p) = -3*p - 2. Let k be j(2). Let m be k/(-2) + (0 - 1). Let i(v) be 